65461?
3, 7, 12641
What are the prime factors of 15958?
2, 79, 101
What are the prime factors of 546634?
2, 11, 24847
What are the prime factors of 38248414?
2, 43, 10343
What are the prime factors of 298948?
2, 13, 5749
What are the prime factors of 203644?
2, 7, 1039
List the prime factors of 126865.
5, 25373
List the prime factors of 315146.
2, 13, 17, 23, 31
List the prime factors of 1019408.
2, 13, 29
What are the prime factors of 854623?
7, 11, 1009
List the prime factors of 972161.
972161
List the prime factors of 760925.
5, 11, 2767
List the prime factors of 556658.
2, 278329
What are the prime factors of 161378?
2, 7, 11527
What are the prime factors of 209032?
2, 17, 29, 53
List the prime factors of 28967490.
2, 3, 5, 17, 6311
List the prime factors of 1309258.
2, 654629
What are the prime factors of 538805?
5, 107761
What are the prime factors of 3581507?
3581507
List the prime factors of 59781.
3, 19927
What are the prime factors of 1280049?
3, 17, 19, 1321
What are the prime factors of 766925?
5, 30677
List the prime factors of 202928.
2, 11, 1153
List the prime factors of 286381.
286381
What are the prime factors of 593062?
2, 17, 17443
What are the prime factors of 1076082?
2, 3, 7, 25621
List the prime factors of 1614491.
1614491
What are the prime factors of 3832848?
2, 3, 43, 619
List the prime factors of 1252557.
3, 23, 2017
List the prime factors of 2187533.
167, 13099
List the prime factors of 16178400.
2, 3, 5, 7, 107
List the prime factors of 18178249.
163, 229, 487
What are the prime factors of 3229291?
13, 248407
What are the prime factors of 6845103?
3, 760567
What are the prime factors of 110189?
251, 439
What are the prime factors of 54907?
54907
What are the prime factors of 20719?
20719
List the prime factors of 3860472.
2, 3, 7, 11, 2089
List the prime factors of 5101193.
23, 257, 863
What are the prime factors of 675835?
5, 17, 7951
List the prime factors of 194775.
3, 5, 7, 53
List the prime factors of 13209036.
2, 3, 29, 37957
List the prime factors of 486042.
2, 3, 59, 1373
List the prime factors of 5079039.
3, 7, 17, 41, 347
What are the prime factors of 915995?
5, 167, 1097
What are the prime factors of 5699564?
2, 13, 43, 2549
What are the prime factors of 1543834?
2, 771917
What are the prime factors of 96857?
96857
What are the prime factors of 36184205?
5, 127, 56983
What are the prime factors of 239150?
2, 5, 4783
List the prime factors of 3771012.
2, 3, 7, 44893
What are the prime factors of 2799773?
43, 65111
List the prime factors of 379596.
2, 3, 7, 4519
What are the prime factors of 439591?
47, 199
List the prime factors of 184374.
2, 3, 10243
What are the prime factors of 13822542?
2, 3, 255973
List the prime factors of 5189635.
5, 11, 157, 601
What are the prime factors of 192113?
192113
What are the prime factors of 3694741?
3694741
What are the prime factors of 778866?
2, 3, 11, 11801
List the prime factors of 299017.
299017
What are the prime factors of 15967615?
5, 541, 5903
What are the prime factors of 128374?
2, 64187
List the prime factors of 350812.
2, 7, 11, 17, 67
List the prime factors of 304286.
2, 353, 431
What are the prime factors of 1188480?
2, 3, 5, 619
What are the prime factors of 2914108?
2, 728527
What are the prime factors of 4363671?
3, 13, 41, 2729
List the prime factors of 780361.
29, 71, 379
What are the prime factors of 392998?
2, 196499
What are the prime factors of 201605?
5, 61, 661
List the prime factors of 101144.
2, 47, 269
What are the prime factors of 14134330?
2, 5, 7, 201919
List the prime factors of 3126873.
3, 23, 45317
What are the prime factors of 306580?
2, 5, 15329
List the prime factors of 10389674.
2, 37, 140401
What are the prime factors of 35847?
3, 7, 569
List the prime factors of 696413.
696413
What are the prime factors of 8677072?
2, 17, 19, 23, 73
List the prime factors of 531556.
2, 17, 7817
List the prime factors of 545537.
23, 23719
What are the prime factors of 3505485?
3, 5, 17, 59, 233
What are the prime factors of 647476?
2, 161869
What are the prime factors of 11281088?
2, 7, 13, 149
List the prime factors of 2901012.
2, 3, 151, 1601
List the prime factors of 565568.
2, 8837
List the prime factors of 889388.
2, 222347
List the prime factors of 5819449.
167, 34847
List the prime factors of 137946.
2, 3, 83, 277
What are the prime factors of 73791?
3, 911
What are the prime factors of 27575535?
3, 5, 13, 141413
What are the prime factors of 80475?
3, 5, 29, 37
What are the prime factors of 1363890?
2, 3, 5, 11, 4133
What are the prime factors of 7250283?
3, 268529
What are the prime factors of 6206188?
2, 233, 6659
What are the prime factors of 655330?
2, 5, 13, 71
List the prime factors of 833230.
2, 5, 97, 859
List the prime factors of 12592306.
2, 6296153
List the prime factors of 1810838.
2, 73, 79, 157
List the prime factors of 6952222.
2, 53, 65587
What are the prime factors of 714477?
3, 238159
List the prime factors of 16362188.
2, 43, 251, 379
What are the prime factors of 3967807?
67, 59221
What are the prime factors of 663754?
2, 7, 13, 521
List the prime factors of 250910.
2, 5, 11, 2281
What are the prime factors of 76055?
5, 7, 41, 53
What are the prime factors of 5452190?
2, 5, 59, 9241
What are the prime factors of 861890?
2, 5, 79, 1091
List the prime factors of 59991.
3, 19997
What are the prime factors of 562206?
2, 3, 93701
List the prime factors of 7229934.
2, 3, 43, 9341
What are the prime factors of 2697277?
11, 73, 3359
What are the prime factors of 611218?
2, 17, 17977
What are the prime factors of 853952?
2, 11, 1213
What are the prime factors of 5740973?
7, 43, 19073
List the prime factors of 414254.
2, 207127
List the prime factors of 6895522.
2, 1217, 2833
What are the prime factors of 24396?
2, 3, 19, 107
What are the prime factors of 8237395?
5, 89, 107, 173
What are the prime factors of 5435734?
2, 139, 19553
What are the prime factors of 1535924?
2, 13, 29537
List the prime factors of 264427.
269, 983
What are the prime factors of 457937?
97, 4721
What are the prime factors of 270495?
3, 5, 6011
List the prime factors of 107328.
2, 3, 13, 43
What are the prime factors of 1438499?
227, 6337
What are the prime factors of 1346186?
2, 673093
What are the prime factors of 7679124?
2, 3, 137, 173
What are the prime factors of 526878?
2, 3, 11, 887
List the prime factors of 14034.
2, 3, 2339
What are the prime factors of 29379?
3, 7, 1399
What are the prime factors of 7890293?
227, 34759
What are the prime factors of 337840?
2, 5, 41, 103
List the prime factors of 462156.
2, 3, 19, 2027
List the prime factors of 1294033.
13, 19, 31
What are the prime factors of 1218355?
5, 243671
What are the prime factors of 238549?
149, 1601
What are the prime factors of 3037781?
17, 178693
What are the prime factors of 16255412?
2, 19, 213887
What are the prime factors of 72367?
72367
What are the prime factors of 4922856?
2, 3, 71, 107
List the prime factors of 1988066.
2, 29, 151, 227
List the prime factors of 6732851.
6732851
What are the prime factors of 147636?
2, 3, 1367
What are the prime factors of 3139299?
3, 348811
What are the prime factors of 1186011?
3, 131779
What are the prime factors of 279020?
2, 5, 7, 1993
List the prime factors of 198699.
3, 107, 619
List the prime factors of 247862.
2, 123931
List the prime factors of 4006170.
2, 3, 5, 7, 6359
What are the prime factors of 76038?
2, 3, 19, 23, 29
What are the prime factors of 1374577?
167, 8231
What are the prime factors of 14348070?
2, 3, 5, 11, 4831
List the prime factors of 1443995.
5, 7, 41257
What are the prime factors of 10113289?
10113289
List the prime factors of 1646244.
2, 3, 5081
List the prime factors of 676036.
2, 169009
List the prime factors of 235356.
2, 3, 11, 1783
List the prime factors of 279509.
19, 47, 313
List the prime factors of 1483874.
2, 7, 83, 1277
What are the prime factors of 576849?
3, 7, 13, 2113
List the prime factors of 39448.
2, 4931
What are the prime factors of 28347775?
5, 1133911
List the prime factors of 38256574.
2, 2137, 8951
List the prime factors of 74887.
74887
What are the prime factors of 8358352?
2, 313, 1669
What are the prime factors of 3781817?
13, 19, 61, 251
List the prime factors of 10739098.
2, 53